{"id":15,"date":"2023-06-29T17:52:52","date_gmt":"2023-06-29T17:52:52","guid":{"rendered":"https:\/\/tradeacademy.center\/sales-marketing\/?page_id=15"},"modified":"2023-09-22T11:45:40","modified_gmt":"2023-09-22T14:45:40","slug":"home","status":"publish","type":"page","link":"https:\/\/tradeacademy.center\/sales-marketing\/","title":{"rendered":"Home"},"content":{"rendered":"\t\t<div data-elementor-type=\"wp-post\" data-elementor-id=\"15\" class=\"elementor elementor-15\" data-elementor-post-type=\"page\">\n\t\t\t\t\t\t<section data-particle_enable=\"false\" data-particle-mobile-disabled=\"false\" class=\"elementor-section elementor-top-section elementor-element elementor-element-5d88654 elementor-section-height-min-height elementor-section-items-bottom elementor-section-content-bottom elementor-section-boxed elementor-section-height-default\" data-id=\"5d88654\" data-element_type=\"section\" data-settings=\"{&quot;background_background&quot;:&quot;video&quot;,&quot;background_video_link&quot;:&quot;https:\\\/\\\/tradeacademy.center\\\/sales-marketing\\\/wp-content\\\/uploads\\\/2023\\\/09\\\/video-2160p.mp4&quot;,&quot;background_play_on_mobile&quot;:&quot;yes&quot;}\">\n\t\t\t\t\t\t\t\t<div class=\"elementor-background-video-container\">\n\t\t\t\t\t\t\t\t\t\t\t\t\t<video class=\"elementor-background-video-hosted elementor-html5-video\" autoplay muted playsinline loop><\/video>\n\t\t\t\t\t\t\t\t\t\t\t<\/div>\n\t\t\t\t\t\t\t\t\t<div class=\"elementor-background-overlay\"><\/div>\n\t\t\t\t\t\t\t<div class=\"elementor-container elementor-column-gap-default\">\n\t\t\t\t\t<div class=\"elementor-column elementor-col-100 elementor-top-column elementor-element elementor-element-a1cdb32\" data-id=\"a1cdb32\" data-element_type=\"column\">\n\t\t\t<div class=\"elementor-widget-wrap elementor-element-populated\">\n\t\t\t\t\t\t<div class=\"elementor-element elementor-element-3c89c7d elementor-widget elementor-widget-text-editor\" data-id=\"3c89c7d\" data-element_type=\"widget\" data-widget_type=\"text-editor.default\">\n\t\t\t\t<div class=\"elementor-widget-container\">\n\t\t\t\t\t\t\t<p><b>Bienvenidos a Trade Academy Center<\/b><\/p>\t\t\t\t\t\t<\/div>\n\t\t\t\t<\/div>\n\t\t\t\t<section data-particle_enable=\"false\" data-particle-mobile-disabled=\"false\" class=\"elementor-section elementor-inner-section elementor-element elementor-element-462bdd0 elementor-section-boxed elementor-section-height-default elementor-section-height-default\" data-id=\"462bdd0\" data-element_type=\"section\">\n\t\t\t\t\t\t<div class=\"elementor-container elementor-column-gap-default\">\n\t\t\t\t\t<div class=\"elementor-column elementor-col-50 elementor-inner-column elementor-element elementor-element-b099d55\" data-id=\"b099d55\" data-element_type=\"column\">\n\t\t\t<div class=\"elementor-widget-wrap elementor-element-populated\">\n\t\t\t\t\t\t<div class=\"elementor-element elementor-element-d23e969 elementor-widget elementor-widget-text-editor\" data-id=\"d23e969\" data-element_type=\"widget\" data-widget_type=\"text-editor.default\">\n\t\t\t\t<div class=\"elementor-widget-container\">\n\t\t\t\t\t\t\t<p>Lorem ipsum dolor sit amet, consectetur adipiscing elit. Ut elit tellus, luctus nec ullamcorper mattis, pulvinar dapibus leo.<\/p>\t\t\t\t\t\t<\/div>\n\t\t\t\t<\/div>\n\t\t\t\t\t<\/div>\n\t\t<\/div>\n\t\t\t\t<div class=\"elementor-column elementor-col-50 elementor-inner-column elementor-element elementor-element-8716702\" data-id=\"8716702\" data-element_type=\"column\">\n\t\t\t<div class=\"elementor-widget-wrap\">\n\t\t\t\t\t\t\t<\/div>\n\t\t<\/div>\n\t\t\t\t\t<\/div>\n\t\t<\/section>\n\t\t\t\t\t<\/div>\n\t\t<\/div>\n\t\t\t\t\t<\/div>\n\t\t<\/section>\n\t\t\t\t<section data-particle_enable=\"false\" data-particle-mobile-disabled=\"false\" class=\"elementor-section elementor-top-section elementor-element elementor-element-8d9c6dc elementor-section-boxed elementor-section-height-default elementor-section-height-default\" data-id=\"8d9c6dc\" data-element_type=\"section\">\n\t\t\t\t\t\t<div class=\"elementor-container elementor-column-gap-default\">\n\t\t\t\t\t<div class=\"elementor-column elementor-col-100 elementor-top-column elementor-element elementor-element-b037014\" data-id=\"b037014\" data-element_type=\"column\">\n\t\t\t<div class=\"elementor-widget-wrap elementor-element-populated\">\n\t\t\t\t\t\t<div class=\"elementor-element elementor-element-deb50d5 elementor-grid-3 elementor-grid-tablet-2 elementor-grid-mobile-1 elementor-widget elementor-widget-eael-learn-dash-course-list\" data-id=\"deb50d5\" data-element_type=\"widget\" data-settings=\"{&quot;column&quot;:&quot;3&quot;,&quot;column_tablet&quot;:&quot;2&quot;,&quot;column_mobile&quot;:&quot;1&quot;}\" data-widget_type=\"eael-learn-dash-course-list.default\">\n\t\t\t\t<div class=\"elementor-widget-container\">\n\t\t\t<div class=\"eael-learndash-no-course-found eael-d-none eael-align-center\">No Courses Found!<\/div><div class=\"eael-learndash-wrapper eael-learndash-col-3 layout__3 ld-cl-layout-mode-fit-to-screen\" data-layout-mode=\"fit-to-screen\">\n<div class=\"eael-learn-dash-course eael-course-layout-3 card-style      \">\n    <div class=\"eael-learn-dash-course-inner\">\n                    <div class=\"eael_ld_course_list_ribbon price_currency\">\n                1            <\/div>\n        \n<!--        -->        <a class=\"card-thumb\" href=\"https:\/\/tradeacademy.center\/sales-marketing\/courses\/curso-1\/\">\n                            <img decoding=\"async\" src=\"https:\/\/tradeacademy.center\/sales-marketing\/wp-content\/uploads\/2023\/06\/pexels-photo-671956-1024x682.jpeg\" alt=\"fruit shake pouring on fruit\" \/>\n                    <\/a>\n<!--        -->\n                    <div class=\"card-price\">\n\t            1            <\/div>\n                <div class=\"card-body\">\n\n            <h4 class=\"course-card-title\">\n            <a href=\"https:\/\/tradeacademy.center\/sales-marketing\/courses\/curso-1\/\">Curso prueba<\/a>\n            <\/h4>\n\n            \n            \n             \n            <div class=\"eael-learn-dash-course-short-desc\">\n                <p>Curso de cursos<\/p>\n            <\/div>\n            \n                            <div class=\"layout-button-wrap\">\n                    <a href=\"https:\/\/tradeacademy.center\/sales-marketing\/courses\/curso-1\/\" class=\"eael-course-button\">\n\t                    Leer m\u00e1s                    <\/a>\n                <\/div>\n                    <\/div>\n    <\/div>\n<\/div>\n\n<div class=\"eael-learn-dash-course eael-course-layout-3 card-style      \">\n    <div class=\"eael-learn-dash-course-inner\">\n        \n<!--        -->        <a class=\"card-thumb\" href=\"https:\/\/tradeacademy.center\/sales-marketing\/courses\/curso-2\/\">\n                            <img decoding=\"async\" src=\"https:\/\/tradeacademy.center\/sales-marketing\/wp-content\/uploads\/2023\/07\/1e5c4d83-785e-428e-bd8d-9a00394395eb.webp\" alt=\"\" \/>\n                    <\/a>\n<!--        -->\n                    <div class=\"card-price\">\n\t                        <\/div>\n                <div class=\"card-body\">\n\n            <h4 class=\"course-card-title\">\n            <a href=\"https:\/\/tradeacademy.center\/sales-marketing\/courses\/curso-2\/\">Curso 2<\/a>\n            <\/h4>\n\n            \n            \n            \n            \n                            <div class=\"layout-button-wrap\">\n                    <a href=\"https:\/\/tradeacademy.center\/sales-marketing\/courses\/curso-2\/\" class=\"eael-course-button\">\n\t                    Leer m\u00e1s                    <\/a>\n                <\/div>\n                    <\/div>\n    <\/div>\n<\/div>\n                <script type=\"text\/javascript\">\n                    jQuery(document).ready(function($) {\n                        $(\".eael-learndash-wrapper\").each(function() {\n                            var $node_id = \"deb50d5\",\n                                $scope = $(\".elementor-element-\" + $node_id + \"\"),\n                                $this = $(this),\n                                $layout = $this.data('layout-mode');\n\n                            let firstClick = 0;\n                            $scope.on(\"click\", \".control\", function (e) {\n                                e.preventDefault();\n                                if( ! firstClick ){\n                                    firstClick = 1;\n                                    $(this).trigger('click');\n                                }\n\n                                let $this = $(this),\n                                    filterValue = $this.data(\"filter\");\n\n                                $this.siblings().removeClass(\"active\");\n                                $this.addClass(\"active\");\n\n                                let $eaelLearnDashIsotopeContainer = $(\".eael-learndash-wrapper\", $scope);\n                                $eaelLearnDashIsotopeContainer.isotope({ \n                                    filter: filterValue,\n                                    layoutMode: $layout === 'masonry' ? 'masonry' : 'fitRows',\n                                });\n\n                                if($layout === 'fit-to-screen'){\n                                    if( ! ( $eaelLearnDashIsotopeContainer.hasClass( 'eael-ld-fit-to-screen-wrap' ) ) ){\n                                        $eaelLearnDashIsotopeContainer.addClass( \"eael-ld-fit-to-screen-wrap\" );\n                                    }\n\n                                    if(filterValue !== '*'){\n                                        $(\".eael-learndash-wrapper .eael-learn-dash-course\", $scope).removeClass(\"eael-ld-fit-to-screen-item\");\n                                        $(\".eael-learndash-wrapper .eael-learn-dash-course\" + filterValue, $scope).addClass(\"eael-ld-fit-to-screen-item\");\n                                    } else {\n                                        $(\".eael-learndash-wrapper .eael-learn-dash-course\", $scope).removeClass(\"eael-ld-fit-to-screen-item\").addClass(\"eael-ld-fit-to-screen-item\");\n                                    }\n                                }\n\n                                $eaelLearnDashIsotopeContainer.on( 'layoutComplete', function( event, filteredItems ) {\n                                    let notFoundDivClass = filteredItems.length ? 'eael-d-none' : 'eael-d-block';\n                                    $('.eael-learndash-no-course-found', $scope).removeClass('eael-d-none').removeClass('eael-d-block').addClass(notFoundDivClass);\n                                });\n\n                                if( filterValue === '*' ){\n                                    $('.eael-learndash-no-course-found', $scope).removeClass('eael-d-none').removeClass('eael-d-block').addClass('eael-d-none');\n                                }\n                            });\n                        });\n                    });\n                <\/script>  \n            <\/div>\t\t<\/div>\n\t\t\t\t<\/div>\n\t\t\t\t\t<\/div>\n\t\t<\/div>\n\t\t\t\t\t<\/div>\n\t\t<\/section>\n\t\t\t\t<section data-particle_enable=\"false\" data-particle-mobile-disabled=\"false\" class=\"elementor-section elementor-top-section elementor-element elementor-element-748c489 elementor-section-boxed elementor-section-height-default elementor-section-height-default\" data-id=\"748c489\" data-element_type=\"section\">\n\t\t\t\t\t\t<div class=\"elementor-container elementor-column-gap-default\">\n\t\t\t\t\t<div class=\"elementor-column elementor-col-100 elementor-top-column elementor-element elementor-element-0b099be\" data-id=\"0b099be\" data-element_type=\"column\">\n\t\t\t<div class=\"elementor-widget-wrap\">\n\t\t\t\t\t\t\t<\/div>\n\t\t<\/div>\n\t\t\t\t\t<\/div>\n\t\t<\/section>\n\t\t\t\t<\/div>\n\t\t","protected":false},"excerpt":{"rendered":"<p>Bienvenidos a Trade Academy Center Lorem fistrum por la gloria de mi madre esse jarl aliqua llevame al sircoo. De la pradera ullamco qu\u00e9 dise usteer est\u00e1 la cosa muy malar. No Courses Found! Completado 1 Curso prueba Curso de cursos 100% Completado \u00daltima actividad: 30\/06\/2023 3:52 PM Leer m\u00e1s Inscripto Curso 2 0% Completado [&hellip;]<\/p>\n","protected":false},"author":2,"featured_media":0,"parent":0,"menu_order":0,"comment_status":"closed","ping_status":"closed","template":"","meta":{"inline_featured_image":false,"site-sidebar-layout":"no-sidebar","site-content-layout":"page-builder","ast-site-content-layout":"default","site-content-style":"default","site-sidebar-style":"default","ast-global-header-display":"","ast-banner-title-visibility":"","ast-main-header-display":"","ast-hfb-above-header-display":"","ast-hfb-below-header-display":"","ast-hfb-mobile-header-display":"","site-post-title":"disabled","ast-breadcrumbs-content":"","ast-featured-img":"disabled","footer-sml-layout":"","ast-disable-related-posts":"","theme-transparent-header-meta":"","adv-header-id-meta":"","stick-header-meta":"","header-above-stick-meta":"","header-main-stick-meta":"","header-below-stick-meta":"","astra-migrate-meta-layouts":"default","ast-page-background-enabled":"default","ast-page-background-meta":{"desktop":{"background-color":"var(--ast-global-color-4)","background-image":"","background-repeat":"repeat","background-position":"center center","background-size":"auto","background-attachment":"scroll","background-type":"","background-media":"","overlay-type":"","overlay-color":"","overlay-opacity":"","overlay-gradient":""},"tablet":{"background-color":"","background-image":"","background-repeat":"repeat","background-position":"center center","background-size":"auto","background-attachment":"scroll","background-type":"","background-media":"","overlay-type":"","overlay-color":"","overlay-opacity":"","overlay-gradient":""},"mobile":{"background-color":"","background-image":"","background-repeat":"repeat","background-position":"center center","background-size":"auto","background-attachment":"scroll","background-type":"","background-media":"","overlay-type":"","overlay-color":"","overlay-opacity":"","overlay-gradient":""}},"ast-content-background-meta":{"desktop":{"background-color":"var(--ast-global-color-5)","background-image":"","background-repeat":"repeat","background-position":"center center","background-size":"auto","background-attachment":"scroll","background-type":"","background-media":"","overlay-type":"","overlay-color":"","overlay-opacity":"","overlay-gradient":""},"tablet":{"background-color":"var(--ast-global-color-5)","background-image":"","background-repeat":"repeat","background-position":"center center","background-size":"auto","background-attachment":"scroll","background-type":"","background-media":"","overlay-type":"","overlay-color":"","overlay-opacity":"","overlay-gradient":""},"mobile":{"background-color":"var(--ast-global-color-5)","background-image":"","background-repeat":"repeat","background-position":"center center","background-size":"auto","background-attachment":"scroll","background-type":"","background-media":"","overlay-type":"","overlay-color":"","overlay-opacity":"","overlay-gradient":""}},"footnotes":""},"class_list":["post-15","page","type-page","status-publish","hentry"],"jetpack_sharing_enabled":true,"_links":{"self":[{"href":"https:\/\/tradeacademy.center\/sales-marketing\/wp-json\/wp\/v2\/pages\/15","targetHints":{"allow":["GET"]}}],"collection":[{"href":"https:\/\/tradeacademy.center\/sales-marketing\/wp-json\/wp\/v2\/pages"}],"about":[{"href":"https:\/\/tradeacademy.center\/sales-marketing\/wp-json\/wp\/v2\/types\/page"}],"author":[{"embeddable":true,"href":"https:\/\/tradeacademy.center\/sales-marketing\/wp-json\/wp\/v2\/users\/2"}],"replies":[{"embeddable":true,"href":"https:\/\/tradeacademy.center\/sales-marketing\/wp-json\/wp\/v2\/comments?post=15"}],"version-history":[{"count":98,"href":"https:\/\/tradeacademy.center\/sales-marketing\/wp-json\/wp\/v2\/pages\/15\/revisions"}],"predecessor-version":[{"id":551,"href":"https:\/\/tradeacademy.center\/sales-marketing\/wp-json\/wp\/v2\/pages\/15\/revisions\/551"}],"wp:attachment":[{"href":"https:\/\/tradeacademy.center\/sales-marketing\/wp-json\/wp\/v2\/media?parent=15"}],"curies":[{"name":"wp","href":"https:\/\/api.w.org\/{rel}","templated":true}]}}